{"id":365,"date":"2020-12-22T14:13:23","date_gmt":"2020-12-22T14:13:23","guid":{"rendered":"https:\/\/kleinwaechter.ch\/?page_id=365"},"modified":"2026-02-19T13:47:53","modified_gmt":"2026-02-19T13:47:53","slug":"kontakt","status":"publish","type":"page","link":"https:\/\/kleinwaechter.ch\/index.php\/kontakt\/","title":{"rendered":"Kontakt"},"content":{"rendered":"\t\t<div data-elementor-type=\"wp-page\" data-elementor-id=\"365\" class=\"elementor elementor-365\">\n\t\t\t\t\t\t<section class=\"elementor-section elementor-top-section elementor-element elementor-element-6721a18 elementor-section-boxed elementor-section-height-default elementor-section-height-default\" data-id=\"6721a18\" data-element_type=\"section\" data-e-type=\"section\">\n\t\t\t\t\t\t<div class=\"elementor-container elementor-column-gap-default\">\n\t\t\t\t\t<div class=\"elementor-column elementor-col-100 elementor-top-column elementor-element elementor-element-bc70fd8\" data-id=\"bc70fd8\" data-element_type=\"column\" data-e-type=\"column\">\n\t\t\t<div class=\"elementor-widget-wrap elementor-element-populated\">\n\t\t\t\t\t\t<div class=\"elementor-element elementor-element-a5ac76c elementor-widget elementor-widget-text-editor\" data-id=\"a5ac76c\" data-element_type=\"widget\" data-e-type=\"widget\" data-widget_type=\"text-editor.default\">\n\t\t\t\t<div class=\"elementor-widget-container\">\n\t\t\t\t\t\t\t\t\t<p style=\"margin-bottom: 0px; font-stretch: normal; font-size: 22px; line-height: normal; font-family: Menlo; color: rgb(83, 88, 95); -webkit-text-stroke-width: initial; -webkit-text-stroke-color: rgb(83, 88, 95);\"><span style=\"font-kerning: none\"><b>KONTAKT &amp; IMPRESSUM<\/b><\/span><\/p>\t\t\t\t\t\t\t\t<\/div>\n\t\t\t\t<\/div>\n\t\t\t\t\t<\/div>\n\t\t<\/div>\n\t\t\t\t\t<\/div>\n\t\t<\/section>\n\t\t\t\t<section class=\"elementor-section elementor-top-section elementor-element elementor-element-3e02fee elementor-section-boxed elementor-section-height-default elementor-section-height-default\" data-id=\"3e02fee\" data-element_type=\"section\" data-e-type=\"section\">\n\t\t\t\t\t\t<div class=\"elementor-container elementor-column-gap-default\">\n\t\t\t\t\t<div class=\"elementor-column elementor-col-100 elementor-top-column elementor-element elementor-element-afc338c\" data-id=\"afc338c\" data-element_type=\"column\" data-e-type=\"column\">\n\t\t\t<div class=\"elementor-widget-wrap elementor-element-populated\">\n\t\t\t\t\t\t<div class=\"elementor-element elementor-element-fb3d568 elementor-widget elementor-widget-text-editor\" data-id=\"fb3d568\" data-element_type=\"widget\" data-e-type=\"widget\" data-widget_type=\"text-editor.default\">\n\t\t\t\t<div class=\"elementor-widget-container\">\n\t\t\t\t\t\t\t\t\t<p style=\"margin-bottom: 0px; text-align: justify; font-stretch: normal; font-size: 14px; line-height: normal; font-family: Menlo; color: #000000; -webkit-text-stroke-width: initial; -webkit-text-stroke-color: #000000;\"><span style=\"letter-spacing: -0.1px;\">Sabine Kleinw\u00e4chter<\/span><\/p><p style=\"margin-bottom: 0px; text-align: justify; font-stretch: normal; font-size: 14px; line-height: normal; font-family: Menlo; color: #000000; -webkit-text-stroke-width: initial; -webkit-text-stroke-color: #000000;\"><span style=\"letter-spacing: -0.1px;\">Im Zinggen 26<\/span><\/p><p style=\"margin-bottom: 0px; text-align: justify; font-stretch: normal; font-size: 14px; line-height: normal; font-family: Menlo; color: #000000; -webkit-text-stroke-width: initial; -webkit-text-stroke-color: #000000;\"><span style=\"letter-spacing: -0.1px;\">CH-9450 L\u00fcchingen<\/span><\/p><p style=\"margin-bottom: 0px; text-align: justify; font-stretch: normal; font-size: 14px; line-height: normal; font-family: Menlo; color: #000000; -webkit-text-stroke-width: initial; -webkit-text-stroke-color: #000000;\"><span style=\"text-decoration: underline; font-kerning: none;\">info(&#8222;\u00e4t&#8220;)kleinwaechter.ch<\/span><\/p><p style=\"margin-bottom: 0px; text-align: justify; font-stretch: normal; font-size: 14px; line-height: normal; font-family: Menlo; color: #000000; -webkit-text-stroke-width: initial; -webkit-text-stroke-color: #000000;\"><span style=\"letter-spacing: -0.1px;\">Verantwortlich f\u00fcr den Inhalt:<\/span><\/p><p style=\"margin-bottom: 0px; text-align: justify; font-stretch: normal; font-size: 14px; line-height: normal; font-family: Menlo; color: #000000; -webkit-text-stroke-width: initial; -webkit-text-stroke-color: #000000;\"><span style=\"letter-spacing: -0.1px; -webkit-text-stroke-width: initial;\">Sabine Kleinw\u00e4chter<\/span><\/p>\t\t\t\t\t\t\t\t<\/div>\n\t\t\t\t<\/div>\n\t\t\t\t\t<\/div>\n\t\t<\/div>\n\t\t\t\t\t<\/div>\n\t\t<\/section>\n\t\t\t\t<\/div>\n\t\t","protected":false},"excerpt":{"rendered":"<p>KONTAKT &amp; IMPRESSUM Sabine Kleinw\u00e4chter Im Zinggen 26 CH-9450 L\u00fcchingen info(&#8222;\u00e4t&#8220;)kleinwaechter.ch Verantwortlich f\u00fcr den Inhalt: Sabine Kleinw\u00e4chter<\/p>\n","protected":false},"author":1,"featured_media":0,"parent":0,"menu_order":0,"comment_status":"closed","ping_status":"closed","template":"","meta":{"footnotes":""},"class_list":["post-365","page","type-page","status-publish","hentry"],"_links":{"self":[{"href":"https:\/\/kleinwaechter.ch\/index.php\/wp-json\/wp\/v2\/pages\/365","targetHints":{"allow":["GET"]}}],"collection":[{"href":"https:\/\/kleinwaechter.ch\/index.php\/wp-json\/wp\/v2\/pages"}],"about":[{"href":"https:\/\/kleinwaechter.ch\/index.php\/wp-json\/wp\/v2\/types\/page"}],"author":[{"embeddable":true,"href":"https:\/\/kleinwaechter.ch\/index.php\/wp-json\/wp\/v2\/users\/1"}],"replies":[{"embeddable":true,"href":"https:\/\/kleinwaechter.ch\/index.php\/wp-json\/wp\/v2\/comments?post=365"}],"version-history":[{"count":17,"href":"https:\/\/kleinwaechter.ch\/index.php\/wp-json\/wp\/v2\/pages\/365\/revisions"}],"predecessor-version":[{"id":452,"href":"https:\/\/kleinwaechter.ch\/index.php\/wp-json\/wp\/v2\/pages\/365\/revisions\/452"}],"wp:attachment":[{"href":"https:\/\/kleinwaechter.ch\/index.php\/wp-json\/wp\/v2\/media?parent=365"}],"curies":[{"name":"wp","href":"https:\/\/api.w.org\/{rel}","templated":true}]}}