{"id":387,"date":"2020-12-22T14:46:51","date_gmt":"2020-12-22T14:46:51","guid":{"rendered":"https:\/\/kleinwaechter.ch\/?page_id=387"},"modified":"2020-12-24T10:15:45","modified_gmt":"2020-12-24T10:15:45","slug":"datenschutz","status":"publish","type":"page","link":"https:\/\/kleinwaechter.ch\/index.php\/datenschutz\/","title":{"rendered":"Datenschutz"},"content":{"rendered":"<p style=\"margin-bottom: 0px; font-stretch: normal; font-size: 22px; line-height: normal; font-family: Menlo; color: #53585f; -webkit-text-stroke-width: initial; -webkit-text-stroke-color: #53585f;\"><b>DATENSCHUTZ<\/b><\/p>\n<p style=\"margin-bottom: 0px; font-stretch: normal; font-size: 12px; line-height: normal; font-family: Menlo; -webkit-text-stroke-width: initial; -webkit-text-stroke-color: rgb(0, 0, 0);\">1. Warnhinweis zu Inhalten<\/p>\n<p style=\"margin-bottom: 0px; font-stretch: normal; font-size: 12px; line-height: normal; font-family: Menlo; -webkit-text-stroke-width: initial; -webkit-text-stroke-color: rgb(0, 0, 0);\">Die kostenlosen und frei zug\u00e4nglichen Inhalte dieser Webseite wurden mit gr\u00f6\u00dftm\u00f6glicher Sorgfalt erstellt. Die Nutzung dieser Webseiteninhalte erfolgt auf eigene Gefahr. Allein durch den Aufruf dieser kostenlosen und frei zug\u00e4nglichen Inhalte kommt keinerlei Vertragsverh\u00e4ltnis zwischen dem Nutzer und dem Anbieter zustande.<\/p>\n<p style=\"margin-bottom: 0px; font-stretch: normal; font-size: 12px; line-height: normal; font-family: Menlo; color: rgb(0, 0, 0); -webkit-text-stroke-width: initial; -webkit-text-stroke-color: rgb(0, 0, 0); min-height: 14px;\">\n<p style=\"margin-bottom: 0px; font-stretch: normal; font-size: 12px; line-height: normal; font-family: Menlo; -webkit-text-stroke-width: initial; -webkit-text-stroke-color: rgb(0, 0, 0);\">2. Urheberrecht \/ Leistungsschutzrecht<\/p>\n<p style=\"margin-bottom: 0px; font-stretch: normal; font-size: 12px; line-height: normal; font-family: Menlo; -webkit-text-stroke-width: initial; -webkit-text-stroke-color: rgb(0, 0, 0);\">Die auf dieser Webseite durch den Anbieter ver\u00f6ffentlichten Inhalte unterliegen dem schweizerischen Urheberrecht und Leistungsschutzrecht. Jegliche vom schweizerischen Urheber- und Leistungsschutzrecht nicht zugelassene Verwertung bedarf der vorherigen schriftlichen Zustimmung des Anbieters oder des jeweiligen Rechteinhabers. Dies gilt vor allem f\u00fcr Vervielf\u00e4ltigung, Bearbeitung, \u00dcbersetzung, Einspeicherung, Verarbeitung bzw. Wiedergabe von Inhalten in Datenbanken oder anderen elektronischen Medien und Systemen. Dabei sind Inhalte und Rechte Dritter als solche gekennzeichnet. Das unerlaubte Kopieren der Webseiteninhalte oder der kompletten Webseite ist nicht gestattet und strafbar. Lediglich die Herstellung von Kopien und Downloads f\u00fcr den pers\u00f6nlichen, privaten und nicht kommerziellen Gebrauch ist erlaubt.<\/p>\n<p style=\"margin-bottom: 0px; font-stretch: normal; font-size: 12px; line-height: normal; font-family: Menlo; color: rgb(0, 0, 0); -webkit-text-stroke-width: initial; -webkit-text-stroke-color: rgb(0, 0, 0); min-height: 14px;\">\n<p style=\"margin-bottom: 0px; font-stretch: normal; font-size: 12px; line-height: normal; font-family: Menlo; -webkit-text-stroke-width: initial; -webkit-text-stroke-color: rgb(0, 0, 0);\">Diese Website darf ohne schriftliche Erlaubnis nicht durch Dritte in Frames oder iFrames dargestellt werden.<\/p>\n<p style=\"margin-bottom: 0px; font-stretch: normal; font-size: 12px; line-height: normal; font-family: Menlo; color: rgb(0, 0, 0); -webkit-text-stroke-width: initial; -webkit-text-stroke-color: rgb(0, 0, 0); min-height: 14px;\">\n<p style=\"margin-bottom: 0px; font-stretch: normal; font-size: 12px; line-height: normal; font-family: Menlo; -webkit-text-stroke-width: initial; -webkit-text-stroke-color: rgb(0, 0, 0);\">3. Datenschutz<\/p>\n<p style=\"margin-bottom: 0px; font-stretch: normal; font-size: 12px; line-height: normal; font-family: Menlo; -webkit-text-stroke-width: initial; -webkit-text-stroke-color: rgb(0, 0, 0);\">Durch den Besuch des Internetauftritts k\u00f6nnen Informationen (Datum, Uhrzeit, aufgerufene Seite) \u00fcber den Zugriff gespeichert werden. Es kommen jedoch keine Google-Analytics zum Einsatz und es werden keine Cookies gesetzt.<\/p>\n<p style=\"margin-bottom: 0px; font-stretch: normal; font-size: 12px; line-height: normal; font-family: Menlo; color: rgb(0, 0, 0); -webkit-text-stroke-width: initial; -webkit-text-stroke-color: rgb(0, 0, 0); min-height: 14px;\">\n<p style=\"margin-bottom: 0px; font-stretch: normal; font-size: 12px; line-height: normal; font-family: Menlo; -webkit-text-stroke-width: initial; -webkit-text-stroke-color: rgb(0, 0, 0);\">4. Keine Werbung<\/p>\n<p style=\"margin-bottom: 0px; font-stretch: normal; font-size: 12px; line-height: normal; font-family: Menlo; -webkit-text-stroke-width: initial; -webkit-text-stroke-color: rgb(0, 0, 0);\">Die Verwendung der Kontaktdaten des Impressums zur gewerblichen Werbung ist ausdr\u00fccklich nicht erw\u00fcnscht, es sei denn der Anbieter hatte zuvor seine schriftliche Einwilligung. Der Anbieter und alle auf dieser Website genannten Personen widersprechen hiermit jeder kommerziellen Verwendung und Weitergabe ihrer Daten.<\/p>\n<p style=\"margin-bottom: 0px; font-stretch: normal; font-size: 12px; line-height: normal; font-family: Menlo; color: rgb(0, 0, 0); -webkit-text-stroke-width: initial; -webkit-text-stroke-color: rgb(0, 0, 0); min-height: 14px;\">\n<p style=\"margin-bottom: 0px; font-stretch: normal; font-size: 12px; line-height: normal; font-family: Menlo; -webkit-text-stroke-width: initial; -webkit-text-stroke-color: rgb(0, 0, 0);\">5. Besondere NutzungsbedingungenSoweit besondere Bedingungen f\u00fcr einzelne Nutzungen dieser Website von den vorgenannten Nummern 1. bis 5. abweichen, wird an entsprechender Stelle ausdr\u00fccklich darauf hingewiesen. In diesem Falle gelten im jeweiligen Einzelfall die besonderen Bedingungen.<\/p>\n","protected":false},"excerpt":{"rendered":"<p>DATENSCHUTZ 1. Warnhinweis zu Inhalten Die kostenlosen und frei zug\u00e4nglichen Inhalte dieser Webseite wurden mit gr\u00f6\u00dftm\u00f6glicher Sorgfalt erstellt. Die Nutzung dieser Webseiteninhalte erfolgt auf eigene Gefahr. Allein durch den Aufruf dieser kostenlosen und frei zug\u00e4nglichen Inhalte kommt keinerlei Vertragsverh\u00e4ltnis zwischen dem Nutzer und dem Anbieter zustande. 2. Urheberrecht \/ Leistungsschutzrecht Die auf dieser Webseite durch [&hellip;]<\/p>\n","protected":false},"author":1,"featured_media":0,"parent":0,"menu_order":0,"comment_status":"closed","ping_status":"closed","template":"","meta":{"footnotes":""},"class_list":["post-387","page","type-page","status-publish","hentry"],"_links":{"self":[{"href":"https:\/\/kleinwaechter.ch\/index.php\/wp-json\/wp\/v2\/pages\/387","targetHints":{"allow":["GET"]}}],"collection":[{"href":"https:\/\/kleinwaechter.ch\/index.php\/wp-json\/wp\/v2\/pages"}],"about":[{"href":"https:\/\/kleinwaechter.ch\/index.php\/wp-json\/wp\/v2\/types\/page"}],"author":[{"embeddable":true,"href":"https:\/\/kleinwaechter.ch\/index.php\/wp-json\/wp\/v2\/users\/1"}],"replies":[{"embeddable":true,"href":"https:\/\/kleinwaechter.ch\/index.php\/wp-json\/wp\/v2\/comments?post=387"}],"version-history":[{"count":14,"href":"https:\/\/kleinwaechter.ch\/index.php\/wp-json\/wp\/v2\/pages\/387\/revisions"}],"predecessor-version":[{"id":412,"href":"https:\/\/kleinwaechter.ch\/index.php\/wp-json\/wp\/v2\/pages\/387\/revisions\/412"}],"wp:attachment":[{"href":"https:\/\/kleinwaechter.ch\/index.php\/wp-json\/wp\/v2\/media?parent=387"}],"curies":[{"name":"wp","href":"https:\/\/api.w.org\/{rel}","templated":true}]}}